e 3*y - 5*q = 9 + 13, -4*q = -3*y + 20. Suppose -y = -3*k + 5. What is the units digit of k?
3
Suppose 0 = 4*n + 5*h - 192, -h - 124 = -4*n + 44. What is the tens digit of n?
4
Let k be (1 - 2)/((-4)/16). Suppose -k = 4*v - 12. Suppose 0 = -0*l - 2*l - 3*t + 4, t = v*l - 4. What is the units digit of l?
2
Suppose -7*n + 100 = -5*n. Let s = n - 24. What is the units digit of s?
6
Let c = 79 + 36. What is the tens digit of c?
1
Suppose -3*w + 0*c + c + 72 = 0, -w = 4*c - 11. What is the tens digit of w?
2
Suppose r - 13 = 2*z, 0*r + 2*r - 20 = 2*z. What is the units digit of r?
7
Let g = -104 - -46. Let b = g + 104. What is the tens digit of b?
4
Suppose u + 2*q - 22 = 84, -509 = -5*u - 3*q. Suppose 7*d - 2*d = u. What is the units digit of d?
0
Let x = 514 + -339. Suppose -n = 4*n - x. What is the tens digit of n?
3
Let i be (5 + -2)/(-3)*-2. Suppose -112 = -4*x - i*t, t - 58 = -2*x - t. What is the units digit of x?
7
Let q = -6 - -11. Suppose q*h + 7 = -8. Let j(x) = x**2 + x + 4. What is the tens digit of j(h)?
1
What is the tens digit of 10 - -176 - 3/(-3)?
8
Let i = -27 + 51. What is the tens digit of i - (4 - 3 - 2)?
2
Suppose -9*d + 14*d - 1201 = -z, 245 = d + 5*z. What is the units digit of d?
0
Let c be (0 + 0)*(-2)/2. Let a = c - -4. What is the units digit of a?
4
Let t be 20/(7 + -3) - 3. Suppose m = 39 + t. What is the units digit of m?
1
Let y be ((-3)/6)/((-1)/10). Suppose 3*i - 2*d + 3 = -0, -2*i + y*d = 13. What is the units digit of i?
1
Suppose 0 = a - 4*j - 15, 0*a - j = 3*a - 19. Suppose 2*x - a*x + 30 = 0. What is the tens digit of 70/x + (-2)/3?
1
Let n be -3 - (-76 + -1 + 4). Suppose 4*s = -22 + n. What is the tens digit of s?
1
Let s(l) = -l**3 + 30*l**2 - 48*l + 29. What is the units digit of s(28)?
3
Let l = -1 + 6. Suppose l*y + 0*y - 15 = 0. What is the units digit of y?
3
Let n(p) = -12*p**2 + 2*p + 1. Let z be n(-1). Let a = 22 + z. What is the units digit of a?
9
Let z be 11/3 + 8/24. Let o = -1 + z. Suppose -4*l + o*v + 36 + 3 = 0, 5*l + 2*v - 20 = 0. What is the units digit of l?
6
Suppose 0 = 4*z - 16. Let w(t) = -t**3 + 2*t**2 + 5*t + 2. Let l be w(z). Let r(k) = k**3 + 11*k**2 + 9*k - 9. What is the units digit of r(l)?
1
What is the units digit of 505/3 + ((-28)/21)/(-2)?
9
Suppose -3*r + 0 = -306. What is the hundreds digit of r?
1
Let g(t) be the first derivative of t + 1 - t**2 - 8*t + t. What is the units digit of g(-4)?
2
Let q be (-3)/(3/5*-1). Suppose -3*h + q*o + 129 = h, 3*o = -5*h + 115. What is the tens digit of h?
2
Suppose -2*d + 16 = -2*b, 3*b = 3*d - 2*b - 22. Suppose d*t - 4*t = 3*x - 13, t = 5*x - 7. Let g = t + 9. What is the units digit of g?
7
Suppose -95 + 651 = 4*m. What is the tens digit of m?
3
Suppose 30 = 5*o - 4*o. What is the units digit of o?
0
Suppose -x - 8 = -3*x. Suppose 4*h + 4*a - 24 = -x, -3*h - 2*a + 14 = 0. Suppose 3*q + p + 11 = 72, -h*q + 76 = -4*p. What is the tens digit of q?
2
Suppose -3*w + 6 = 99. Let b = -8 - w. What is the units digit of b?
3
Suppose 10 - 49 = q. Let f = -27 - q. What is the units digit of f?
2
Let a(v) = 9*v + 4. Let q(k) = -k. Let c(t) = a(t) + 6*q(t). Let i be c(-4). What is the units digit of i/(-1) + 1/(-1)?
7
Let s be 3/2 - 1/2. What is the units digit of (5/2)/(s/2)?
5
Suppose -2*s - 9*s = -550. What is the tens digit of s?
5
Let y = 2 + 19. What is the units digit of y?
1
Suppose -5*l - 3*j = j - 18, -4*j = -3*l - 2. What is the units digit of l?
2
Let z be (-10)/3*36/(-30). Suppose 9*a - 120 = z*a. What is the units digit of a?
4
What is the units digit of (-362)/(-4) - ((-30)/12 - -1)?
2
Suppose 5*h = -l + 118, 0 = 6*l - 3*l - 3*h - 300. What is the hundreds digit of l?
1
Let y = 6 + -6. Suppose -3*p + 0 - 3 = y. Let u = 0 - p. What is the units digit of u?
1
Let z(j) = -11*j - 2. Let f(y) = -y. Let q(l) = 18*f(l) - 2*z(l). What is the units digit of q(7)?
2
Suppose 31 = 2*h - 5*y - 29, 90 = 3*h + 2*y. What is the units digit of h?
0
Let j(a) be the first derivative of -4 - a + 3/2*a**2. What is the units digit of j(2)?
5
Let w(o) = -o - 5. Let i be w(-5). Suppose -5*m - 26 + 1 = i. Let u = m - -14. What is the units digit of u?
9
Suppose 6*j - 5*j - 5*n = 390, 4*j + 2*n = 1582. What is the hundreds digit of j?
3
Let b(o) be the first derivative of o**4/4 + 2*o**3/3 + 2*o - 3. What is the units digit of b(-2)?
2
Let j = -138 + 139. What is the units digit of j?
1
Let n be ((-30)/(-4))/(3/4). Suppose -n = x - 0*x. Let c = x - -17. What is the units digit of c?
7
Let l be 8/(-14) + (-138)/(-21). Suppose 2*z - 176 = -4*x, 0 = -l*z + z - 10. What is the units digit of x?
5
Let j(b) = 0*b - 1 + 3*b - 2*b + 3. Let y be j(0). Suppose 5*p - 55 = y*v, 5*p - 55 = -0*v + 3*v. What is the units digit of p?
1
Let a = -18 - -34. Let f = a - 11. Suppose -5*c + 18 = f*y - 17, 0 = 3*c - y - 41. What is the units digit of c?
2
Let s(q) = 17*q**2 - q - 1. What is the units digit of s(-1)?
7
Let y(f) = f**3 + f**2 - 5*f - 2. Let n be y(-3). Let p = 4 - n. What is the units digit of p?
9
Let t(v) = v**2 - 6*v + 8. Let h(a) be the second derivative of -a**5/20 + 7*a**4/12 + a**3/6 - a**2/2 + a. Let i be h(7). What is the units digit of t(i)?
8
Let w(s) = -s**3 + 9*s**2 + 5*s + 1. What is the hundreds digit of w(5)?
1
Let k(t) = -6*t**3 - t. Let i = 1 - 0. Let v be k(i). Let s(o) = o + 8. What is the units digit of s(v)?
1
What is the units digit of (-66924)/(-252) - (1 - (-6)/(-14))?
5
Let v be 1/2 - (-1)/(-2). Suppose v = -g + 6*g - 25. What is the units digit of g?
5
Let d = 13 - 11. What is the units digit of d?
2
What is the hundreds digit of (1 - -61)*(-28)/(-7)?
2
Let b = -26 - -34. What is the units digit of b?
8
Suppose 4320 = -0*a + 16*a. What is the tens digit of a?
7
What is the hundreds digit of 128 - (-2 + 0)*(-7 - -8)?
1
Let c = 13 + -8. Suppose 3*p + 0*p + 5*z - 11 = 0, -z = -c*p + 65. What is the units digit of p?
2
What is the tens digit of 2 - (-7)/(7/94)?
9
Let x(m) = -m**3 + 5*m**2 - m + 2. What is the units digit of x(4)?
4
Let g be (-2)/(-3*(-1)/6). What is the tens digit of (-59)/g - (-2)/8?
1
Let x be ((-18)/(-8))/((-1)/4). Let h be (-12)/x*21/2. Suppose 2*g - 4*i - 22 = 0, -g + 3*i + 0 = -h. What is the units digit of g?
5
Let b be 0*(-1 - 6/(-4)). Suppose b = -c - 2*c + 51. What is the tens digit of c?
1
Let v = 237 + -68. What is the tens digit of v?
6
Let n = -5 + 9. Suppose 4*g = -3*t + 43, 4*t - 62 = n*g - 14. What is the units digit of t?
3
Let z(n) = 2*n**2 + 2*n + 1. What is the units digit of z(-1)?
1
Let w be ((-36)/(-10))/(2/40). Suppose 2*o + 0*o - w = 0. What is the units digit of o?
6
Let l = 4 - 4. Suppose l*f - f - 8 = 0. Let x = f + 13. What is the units digit of x?
5
Let f = -44 + 139. What is the tens digit of f?
9
Suppose -a + 102 = -5*v + 336, a - 88 = -2*v. What is the units digit of v?
6
Suppose u = -1 + 4. Suppose 0 = -l - u + 7. What is the units digit of (l - -1)*12/15?
4
Let x = -21 + 31. Suppose -4*k + 25 = w - 37, -5*w = -x. What is the tens digit of k?
1
Let l(g) = g**3 - 3*g**2 - 4*g + 3. Let w be (44/12 + -2)*3. What is the tens digit of l(w)?
3
Let f(u) = 0*u**3 - 4*u - 15*u**3 + 5*u. Suppose 0 = -2*k - 8, -4*r + 5*k - k = -12. What is the units digit of f(r)?
4
Suppose 11*f = 13*f - 404. What is the tens digit of f?
0
Suppose 4 = -2*w - 3*m, w = 5*m + 14 + 10. Suppose -96 = -w*n - 5*l, 10 = 3*n - 5*l - 27. What is the tens digit of n?
1
Let a be 42*(-2)/(2 + -6). Suppose 4*w = 3*w + a. Suppose w = 2*f + 3. What is the units digit of f?
9
Let p(k) = k**2 - 6*k - 7. Let h be p(6). Let d = -3 - h. What is the units digit of d?
4
Let n be 2 + (-2 - 0 - -4). Suppose n*r - 42 = 2*r - 4*l, r = 4*l + 51. What is the tens digit of r?
3
Let h = -151 + 291. Let p = h + -100. Let l = p + -29. What is the tens digit of l?
1
Suppose 4*w = -p - 16, -3*w - 20 = 2*p + 2*w. Suppose -h - 2*h + 39 = p. What is the tens digit of h?
1
Let a(s) = -2*s - 9. Suppose -3*l - d + 0*d - 16 = 0, 2*l = d - 14. Let b be a(l). Suppose b*c + 27 = 6*c. What is the units digit of c?
9
Let f(r) = 6*r**3 - r**2 + 2*r - 1. Let z = 1 + 0. What is the units digit of f(z)?
6
Suppose 0*n - 2 = n. Let w be 1*(-1 + 1 - n). What is the units digit of 9 - ((2 - 2) + w)?
7
Let j(o) = -o - 1. Let g = 5 - 6. Let k be g - 3/((-6)/(-8)). What i